[INFO] cloning repository https://github.com/hunterlester/safe_iot
[INFO] running `Command { std: "git" "-c" "credential.helper=" "-c" "credential.helper=/workspace/cargo-home/bin/git-credential-null" "clone" "--bare" "https://github.com/hunterlester/safe_iot" "/workspace/cache/git-repos/https%3A%2F%2Fgithub.com%2Fhunterlester%2Fsafe_iot", kill_on_drop: false }`
[INFO] [stderr] Cloning into bare repository '/workspace/cache/git-repos/https%3A%2F%2Fgithub.com%2Fhunterlester%2Fsafe_iot'...
[INFO] running `Command { std: "git" "rev-parse" "HEAD", kill_on_drop: false }`
[INFO] [stdout] dcc00dd14ca3d94f17601a0c32e8dd7bdbd58d47
[INFO] checking hunterlester/safe_iot against try#72f88fc4e9458f89516a0b8b0868f3718aec5b47 for pr-74989
[INFO] running `Command { std: "git" "clone" "/workspace/cache/git-repos/https%3A%2F%2Fgithub.com%2Fhunterlester%2Fsafe_iot" "/workspace/builds/worker-8/source", kill_on_drop: false }`
[INFO] [stderr] Cloning into '/workspace/builds/worker-8/source'...
[INFO] [stderr] done.
[INFO] validating manifest of git repo https://github.com/hunterlester/safe_iot on toolchain 72f88fc4e9458f89516a0b8b0868f3718aec5b47
[INFO] running `Command { std: "/workspace/cargo-home/bin/cargo" "+72f88fc4e9458f89516a0b8b0868f3718aec5b47" "read-manifest" "--manifest-path" "Cargo.toml", kill_on_drop: false }`
[INFO] started tweaking git repo https://github.com/hunterlester/safe_iot
[INFO] finished tweaking git repo https://github.com/hunterlester/safe_iot
[INFO] tweaked toml for git repo https://github.com/hunterlester/safe_iot written to /workspace/builds/worker-8/source/Cargo.toml
[INFO] crate git repo https://github.com/hunterlester/safe_iot already has a lockfile, it will not be regenerated
[INFO] running `Command { std: "/workspace/cargo-home/bin/cargo" "+72f88fc4e9458f89516a0b8b0868f3718aec5b47" "fetch" "--locked" "--manifest-path" "Cargo.toml", kill_on_drop: false }`
[INFO] [stderr]  Downloading crates ...
[INFO] [stderr]   Downloaded msdos_time v0.1.5
[INFO] [stderr]   Downloaded podio v0.1.5
[INFO] [stderr]   Downloaded tiny-keccak v1.3.1
[INFO] [stderr]   Downloaded gcc v0.3.54
[INFO] [stderr]   Downloaded serde_derive v1.0.23
[INFO] [stderr]   Downloaded serde v1.0.23
[INFO] [stderr]   Downloaded bincode v0.8.0
[INFO] [stderr]   Downloaded tar v0.4.14
[INFO] [stderr]   Downloaded humantime v1.0.0
[INFO] [stderr]   Downloaded base64 v0.4.2
[INFO] [stderr]   Downloaded serde_json v1.0.7
[INFO] [stderr]   Downloaded xmltree v0.3.2
[INFO] [stderr]   Downloaded log4rs v0.7.0
[INFO] [stderr]   Downloaded regex v0.2.3
[INFO] [stderr]   Downloaded unwrap v1.1.0
[INFO] [stderr]   Downloaded serde-value v0.5.1
[INFO] [stderr]   Downloaded serde_derive_internals v0.17.0
[INFO] [stderr]   Downloaded futures v0.1.17
[INFO] [stderr]   Downloaded c_linked_list v1.1.0
[INFO] [stderr]   Downloaded moz-cheddar v0.4.2
[INFO] [stderr]   Downloaded ffi_utils v0.3.0
[INFO] [stderr]   Downloaded resource_proof v0.5.0
[INFO] [stderr]   Downloaded fake_clock v0.2.0
[INFO] [stderr]   Downloaded maidsafe_utilities v0.14.1
[INFO] [stderr]   Downloaded termion v1.4.0
[INFO] [stderr]   Downloaded igd v0.6.0
[INFO] [stderr]   Downloaded zip v0.2.6
[INFO] [stderr]   Downloaded lru_time_cache v0.7.0
[INFO] [stderr]   Downloaded rust_sodium-sys v0.5.0
[INFO] [stderr]   Downloaded safe_authenticator v0.4.0
[INFO] [stderr]   Downloaded safe_core v0.27.0
[INFO] [stderr]   Downloaded routing v0.33.2
[INFO] [stderr]   Downloaded self_encryption v0.11.1
[INFO] [stderr]   Downloaded config_file_handler v0.8.2
[INFO] [stderr]   Downloaded crust v0.28.1
[INFO] [stderr]   Downloaded rust_sodium v0.5.0
[INFO] running `Command { std: "docker" "create" "-v" "/var/lib/crater-agent-workspace/builds/worker-8/target:/opt/rustwide/target:rw,Z" "-v" "/var/lib/crater-agent-workspace/builds/worker-8/source:/opt/rustwide/workdir:ro,Z" "-v" "/var/lib/crater-agent-workspace/cargo-home:/opt/rustwide/cargo-home:ro,Z" "-v" "/var/lib/crater-agent-workspace/rustup-home:/opt/rustwide/rustup-home:ro,Z" "-e" "SOURCE_DIR=/opt/rustwide/workdir" "-e" "CARGO_TARGET_DIR=/opt/rustwide/target" "-e" "CARGO_HOME=/opt/rustwide/cargo-home" "-e" "RUSTUP_HOME=/opt/rustwide/rustup-home" "-w" "/opt/rustwide/workdir" "-m" "1610612736" "--user" "0:0" "--network" "none" "rustops/crates-build-env@sha256:d92eaeed33fa75130ca1ee6c8a01d1ffb62bac859dfdfb3450e3e5d1c0146529" "/opt/rustwide/cargo-home/bin/cargo" "+72f88fc4e9458f89516a0b8b0868f3718aec5b47" "metadata" "--no-deps" "--format-version=1", kill_on_drop: false }`
[INFO] [stdout] a895b4d78fa723721fdf62bea1adf255d9e2ca331bbc0aa25e141f4d05f714f8
[INFO] [stderr] WARNING: Your kernel does not support swap limit capabilities or the cgroup is not mounted. Memory limited without swap.
[INFO] running `Command { std: "docker" "start" "-a" "a895b4d78fa723721fdf62bea1adf255d9e2ca331bbc0aa25e141f4d05f714f8", kill_on_drop: false }`
[INFO] running `Command { std: "docker" "inspect" "a895b4d78fa723721fdf62bea1adf255d9e2ca331bbc0aa25e141f4d05f714f8", kill_on_drop: false }`
[INFO] running `Command { std: "docker" "rm" "-f" "a895b4d78fa723721fdf62bea1adf255d9e2ca331bbc0aa25e141f4d05f714f8", kill_on_drop: false }`
[INFO] [stdout] a895b4d78fa723721fdf62bea1adf255d9e2ca331bbc0aa25e141f4d05f714f8
[INFO] running `Command { std: "docker" "create" "-v" "/var/lib/crater-agent-workspace/builds/worker-8/target:/opt/rustwide/target:rw,Z" "-v" "/var/lib/crater-agent-workspace/builds/worker-8/source:/opt/rustwide/workdir:ro,Z" "-v" "/var/lib/crater-agent-workspace/cargo-home:/opt/rustwide/cargo-home:ro,Z" "-v" "/var/lib/crater-agent-workspace/rustup-home:/opt/rustwide/rustup-home:ro,Z" "-e" "SOURCE_DIR=/opt/rustwide/workdir" "-e" "CARGO_TARGET_DIR=/opt/rustwide/target" "-e" "CARGO_INCREMENTAL=0" "-e" "RUST_BACKTRACE=full" "-e" "RUSTFLAGS=--cap-lints=forbid" "-e" "CARGO_HOME=/opt/rustwide/cargo-home" "-e" "RUSTUP_HOME=/opt/rustwide/rustup-home" "-w" "/opt/rustwide/workdir" "-m" "1610612736" "--user" "0:0" "--network" "none" "rustops/crates-build-env@sha256:d92eaeed33fa75130ca1ee6c8a01d1ffb62bac859dfdfb3450e3e5d1c0146529" "/opt/rustwide/cargo-home/bin/cargo" "+72f88fc4e9458f89516a0b8b0868f3718aec5b47" "check" "--frozen" "--all" "--all-targets" "--message-format=json", kill_on_drop: false }`
[INFO] [stdout] 7a0da0ddcf4edee114e532f1563768f851e117eec2c7b2ed019bf30a345c1684
[INFO] [stderr] WARNING: Your kernel does not support swap limit capabilities or the cgroup is not mounted. Memory limited without swap.
[INFO] running `Command { std: "docker" "start" "-a" "7a0da0ddcf4edee114e532f1563768f851e117eec2c7b2ed019bf30a345c1684", kill_on_drop: false }`
[INFO] [stderr]    Compiling libc v0.2.34
[INFO] [stderr]    Compiling cc v1.0.3
[INFO] [stderr]    Compiling unicode-xid v0.0.4
[INFO] [stderr]    Compiling cfg-if v0.1.2
[INFO] [stderr]    Compiling quote v0.3.15
[INFO] [stderr]    Compiling unwrap v1.1.0
[INFO] [stderr]    Compiling serde v1.0.23
[INFO] [stderr]    Compiling num-traits v0.1.41
[INFO] [stderr]    Compiling log v0.3.8
[INFO] [stderr]    Compiling void v1.0.2
[INFO] [stderr]    Compiling byteorder v1.1.0
[INFO] [stderr]    Compiling version_check v0.1.3
[INFO] [stderr]    Compiling podio v0.1.5
[INFO] [stderr]    Compiling lazy_static v0.2.11
[INFO] [stderr]    Compiling matches v0.1.6
[INFO] [stderr]    Compiling utf8-ranges v1.0.0
[INFO] [stderr]    Compiling unicode-width v0.1.4
[INFO] [stderr]    Compiling unicode-normalization v0.1.5
[INFO] [stderr]    Compiling vec_map v0.8.0
[INFO] [stderr]    Compiling unicode-segmentation v1.1.0
[INFO] [stderr]    Compiling httparse v1.2.3
[INFO] [stderr]    Compiling linked-hash-map v0.5.0
[INFO] [stderr]    Compiling quick-error v1.2.1
[INFO] [stderr]    Compiling itoa v0.3.4
[INFO] [stderr]    Compiling safemem v0.2.0
[INFO] [stderr]    Compiling slab v0.3.0
[INFO] [stderr]    Compiling bitflags v0.7.0
[INFO] [stderr]    Compiling bitflags v0.8.2
[INFO] [stderr]    Compiling lazycell v0.5.1
[INFO] [stderr]     Checking regex-syntax v0.4.1
[INFO] [stderr]     Checking dtoa v0.4.2
[INFO] [stderr]    Compiling sha1 v0.2.0
[INFO] [stderr]    Compiling antidote v1.0.0
[INFO] [stderr]    Compiling crossbeam v0.2.10
[INFO] [stderr]    Compiling log-mdc v0.1.0
[INFO] [stderr]     Checking ansi_term v0.9.0
[INFO] [stderr]    Compiling tiny-keccak v1.3.1
[INFO] [stderr]     Checking strsim v0.6.0
[INFO] [stderr]     Checking bitflags v0.9.1
[INFO] [stderr]    Compiling c_linked_list v1.1.0
[INFO] [stderr]     Checking fnv v1.0.6
[INFO] [stderr]    Compiling fake_clock v0.2.0
[INFO] [stderr]    Compiling lru_time_cache v0.7.0
[INFO] [stderr]    Compiling hex v0.2.0
[INFO] [stderr]     Checking either v1.4.0
[INFO] [stderr]     Checking scoped-tls v0.1.0
[INFO] [stderr]    Compiling unreachable v1.0.0
[INFO] [stderr]    Compiling unreachable v0.1.1
[INFO] [stderr]    Compiling synom v0.11.3
[INFO] [stderr]     Checking mime v0.2.6
[INFO] [stderr]    Compiling syntex_pos v0.58.1
[INFO] [stderr]    Compiling unicode-bidi v0.3.4
[INFO] [stderr]    Compiling unsafe-any v0.4.2
[INFO] [stderr]    Compiling base64 v0.4.2
[INFO] [stderr]     Checking num-integer v0.1.35
[INFO] [stderr]    Compiling time v0.1.38
[INFO] [stderr]    Compiling xattr v0.1.11
[INFO] [stderr]    Compiling filetime v0.1.14
[INFO] [stderr]    Compiling rand v0.3.18
[INFO] [stderr]    Compiling memchr v2.0.1
[INFO] [stderr]    Compiling term_size v0.3.1
[INFO] [stderr]    Compiling atty v0.2.2
[INFO] [stderr]    Compiling iovec v0.1.1
[INFO] [stderr]    Compiling net2 v0.2.31
[INFO] [stderr]    Compiling num_cpus v1.7.0
[INFO] [stderr]    Compiling fs2 v0.4.2
[INFO] [stderr]    Compiling termion v1.4.0
[INFO] [stderr]    Compiling unicase v1.4.2
[INFO] [stderr]    Compiling humantime v1.0.0
[INFO] [stderr]     Checking memmap v0.5.2
[INFO] [stderr]    Compiling xml-rs v0.3.6
[INFO] [stderr]    Compiling base64 v0.6.0
[INFO] [stderr]    Compiling yaml-rust v0.4.0
[INFO] [stderr]    Compiling itertools v0.6.5
[INFO] [stderr]    Compiling thread_local v0.3.4
[INFO] [stderr]    Compiling ordered-float v0.5.0
[INFO] [stderr]    Compiling syn v0.11.11
[INFO] [stderr]    Compiling typemap v0.3.3
[INFO] [stderr]    Compiling syntex_errors v0.58.1
[INFO] [stderr]    Compiling miniz-sys v0.1.10
[INFO] [stderr]    Compiling bzip2-sys v0.1.6
[INFO] [stderr]    Compiling brotli-sys v0.3.2
[INFO] [stderr]    Compiling tar v0.4.14
[INFO] [stderr]     Checking num-iter v0.1.34
[INFO] [stderr]     Checking idna v0.1.4
[INFO] [stderr]    Compiling textwrap v0.6.0
[INFO] [stderr]    Compiling aho-corasick v0.6.4
[INFO] [stderr]    Compiling msdos_time v0.1.5
[INFO] [stderr]    Compiling bytes v0.4.5
[INFO] [stderr]    Compiling mio v0.6.11
[INFO] [stderr]    Compiling num-bigint v0.1.41
[INFO] [stderr]    Compiling xmltree v0.3.2
[INFO] [stderr]     Checking toml v0.4.5
[INFO] [stderr]     Checking serde_json v1.0.7
[INFO] [stderr]     Checking serde_yaml v0.7.3
[INFO] [stderr]     Checking bincode v0.8.0
[INFO] [stderr]     Checking serde-value v0.5.1
[INFO] [stderr]     Checking num v0.1.41
[INFO] [stderr]    Compiling clap v2.25.1
[INFO] [stderr]    Compiling syntex_syntax v0.58.1
[INFO] [stderr]    Compiling regex v0.2.3
[INFO] [stderr]     Checking url v1.5.1
[INFO] [stderr]     Checking tokio-io v0.1.4
[INFO] [stderr]    Compiling serde_derive_internals v0.17.0
[INFO] [stderr]     Checking chrono v0.3.0
[INFO] [stderr]     Checking chrono v0.4.0
[INFO] [stderr]     Checking config_file_handler v0.8.2
[INFO] [stdout] error[E0423]: expected function, tuple struct or tuple variant, found struct `ast::Name`
[INFO] [stdout]    --> /opt/rustwide/cargo-home/registry/src/github.com-1ecc6299db9ec823/syntex_syntax-0.58.1/src/symbol.rs:146:27
[INFO] [stdout]     |
[INFO] [stdout] 146 |                       name: ast::Name($index),
[INFO] [stdout]     |                             ^^^^^^^^^
[INFO] [stdout] ...
[INFO] [stdout] 165 | / declare_keywords! {
[INFO] [stdout] 166 | |     // Invalid identifier
[INFO] [stdout] 167 | |     (0,  Invalid,        "")
[INFO] [stdout] 168 | |
[INFO] [stdout] ...   |
[INFO] [stdout] 231 | |     (56, CrateRoot, "{{root}}")
[INFO] [stdout] 232 | | }
[INFO] [stdout]     | |_- in this macro invocation
[INFO] [stdout]     |
[INFO] [stdout]     = note: this error originates in a macro (in Nightly builds, run with -Z macro-backtrace for more info)
[INFO] [stdout] 
[INFO] [stdout] 
[INFO] [stdout] error[E0713]: borrow may still be in use when destructor runs
[INFO] [stdout]    --> /opt/rustwide/cargo-home/registry/src/github.com-1ecc6299db9ec823/url-1.5.1/src/form_urlencoded.rs:251:40
[INFO] [stdout]     |
[INFO] [stdout] 249 | impl<'a> Target for ::UrlQuery<'a> {
[INFO] [stdout]     |      -- lifetime `'a` defined here
[INFO] [stdout] 250 |     fn as_mut_string(&mut self) -> &mut String { &mut self.url.serialization }
[INFO] [stdout] 251 |     fn finish(self) -> &'a mut ::Url { self.url }
[INFO] [stdout]     |                                        ^^^^^^^^ - here, drop of `self` needs exclusive access to `*self.url`, because the type `UrlQuery<'_>` implements the `Drop` trait
[INFO] [stdout]     |                                        |
[INFO] [stdout]     |                                        returning this value requires that `*self.url` is borrowed for `'a`
[INFO] [stdout] 
[INFO] [stdout] 
[INFO] [stdout] error[E0423]: expected function, tuple struct or tuple variant, found struct `ast::Name`
[INFO] [stdout]    --> /opt/rustwide/cargo-home/registry/src/github.com-1ecc6299db9ec823/syntex_syntax-0.58.1/src/symbol.rs:146:27
[INFO] [stdout]     |
[INFO] [stdout] 146 |                       name: ast::Name($index),
[INFO] [stdout]     |                             ^^^^^^^^^
[INFO] [stdout] ...
[INFO] [stdout] 165 | / declare_keywords! {
[INFO] [stdout] 166 | |     // Invalid identifier
[INFO] [stdout] 167 | |     (0,  Invalid,        "")
[INFO] [stdout] 168 | |
[INFO] [stdout] ...   |
[INFO] [stdout] 231 | |     (56, CrateRoot, "{{root}}")
[INFO] [stdout] 232 | | }
[INFO] [stdout]     | |_- in this macro invocation
[INFO] [stdout]     |
[INFO] [stdout]     = note: this error originates in a macro (in Nightly builds, run with -Z macro-backtrace for more info)
[INFO] [stdout] 
[INFO] [stdout] 
[INFO] [stdout] error: aborting due to previous error
[INFO] [stdout] 
[INFO] [stdout] 
[INFO] [stdout] For more information about this error, try `rustc --explain E0713`.
[INFO] [stdout] 
[INFO] [stderr] error: could not compile `url`.
[INFO] [stderr] 
[INFO] [stderr] To learn more, run the command again with --verbose.
[INFO] [stderr] warning: build failed, waiting for other jobs to finish...
[INFO] [stdout] error[E0713]: borrow may still be in use when destructor runs
[INFO] [stdout]    --> /opt/rustwide/cargo-home/registry/src/github.com-1ecc6299db9ec823/url-1.5.1/src/form_urlencoded.rs:251:40
[INFO] [stdout]     |
[INFO] [stdout] 249 | impl<'a> Target for ::UrlQuery<'a> {
[INFO] [stdout]     |      -- lifetime `'a` defined here
[INFO] [stdout] 250 |     fn as_mut_string(&mut self) -> &mut String { &mut self.url.serialization }
[INFO] [stdout] 251 |     fn finish(self) -> &'a mut ::Url { self.url }
[INFO] [stdout]     |                                        ^^^^^^^^ - here, drop of `self` needs exclusive access to `*self.url`, because the type `UrlQuery<'_>` implements the `Drop` trait
[INFO] [stdout]     |                                        |
[INFO] [stdout]     |                                        returning this value requires that `*self.url` is borrowed for `'a`
[INFO] [stdout] 
[INFO] [stdout] 
[INFO] [stdout] error: aborting due to previous error
[INFO] [stdout] 
[INFO] [stdout] 
[INFO] [stdout] For more information about this error, try `rustc --explain E0713`.
[INFO] [stdout] 
[INFO] [stdout] error: aborting due to previous error
[INFO] [stdout] 
[INFO] [stdout] 
[INFO] [stdout] For more information about this error, try `rustc --explain E0423`.
[INFO] [stdout] 
[INFO] [stdout] error: aborting due to previous error
[INFO] [stdout] 
[INFO] [stdout] 
[INFO] [stdout] For more information about this error, try `rustc --explain E0423`.
[INFO] [stdout] 
[INFO] [stderr] error: build failed
[INFO] running `Command { std: "docker" "inspect" "7a0da0ddcf4edee114e532f1563768f851e117eec2c7b2ed019bf30a345c1684", kill_on_drop: false }`
[INFO] running `Command { std: "docker" "rm" "-f" "7a0da0ddcf4edee114e532f1563768f851e117eec2c7b2ed019bf30a345c1684", kill_on_drop: false }`
[INFO] [stdout] 7a0da0ddcf4edee114e532f1563768f851e117eec2c7b2ed019bf30a345c1684
